t is -2 + 1 + -4 - -3 - (-46 + 58)?
-14
Evaluate -18 + 4 - (1 + -7 + (-70 - -77)).
-15
What is -2 - (5 - 11) - (6 + -4 + 1)?
1
What is the value of (-9 - 3) + 296 + -273?
11
What is 23 + (-20 - 3) + -12?
-12
(55 - (-33 - -92)) + -22 + (2 - 0)
-24
Calculate 45 + -35 - (-1 - -8).
3
Evaluate (-13 + -1 - 2) + (10 - 24 - -23).
-7
Calculate -10 + (-11 - 1) + 16 - 12.
-18
(0 - (3 - 11 - (-46 - -40))) + 11
13
Calculate 17 + (-3 - (25 + 1)).
-12
What is the value of 11 + -8 + -2 + -1 + -5?
-5
Calculate (-103 - -88) + (-6 - -4 - -6).
-11
What is the value of -1 - (11 + (-34 - -29) + 1 + 0)?
-8
(7 - 4 - (1 - -2)) + (9 - -23)
32
0 + 10 - -1 - ((39 - 70) + 34)
8
Evaluate (16 + 0 - -2 - -10) + -12.
16
2 - (0 - 1) - (540 + -533)
-4
What is -8 - (-6 - ((-6 - 1) + 17))?
8
2 + (-2 - 38) + (-45 - -30 - -25)
-28
-2 + (18 - 18) + (-1 - -3)
0
Evaluate (-1 - 11 - -1) + 16 + (4 - 18).
-9
-12 - (2 - 0 - (68 - 35))
19
Calculate 16 + -15 + -8 + -1.
-8
What is the value of -11 + -3 + 14 + -7?
-7
Evaluate -11 + 2 + (-4 - (2 + -13 + 6)).
-8
-19 + (0 - (-6 + 9 - -8)) + 2
-28
What is -19 - -4 - ((3 - 5 - 4) + 8)?
-17
Calculate (-7 + 8 - -7) + (4 - 8) + 23.
27
Evaluate (4 - (-12 - -10) - (-2 + 4)) + -12.
-8
Calculate 2 + -18 + (-11 + 35 - 9).
-1
Calculate (-11 - (-7 - -7)) + 9.
-2
What is the value of 13 - 37 - (17 + -30)?
-11
Calculate 259 - 226 - (-1 - -9).
25
What is the value of -25 + -2 + 9 + 0?
-18
8 + -3 - -6 - (-4 - -12 - 1)
4
What is 4 - (8 + (10 - 14))?
0
3 + -4 + 5 + 6 + -29 + 28
9
What is the value of 41 + -25 - (12 + 2)?
2
Calculate 660 - 645 - (8 - 0).
7
0 - -2 - -1 - (-19 - (-28 - -8))
2
Calculate 53 + -9 + -2 + -41.
1
(0 - -20) + 3140 + -3125
35
Calculate (40 + -17 - 41) + 21.
3
Calculate -9 + (1 + -2 - -3 - (7 + -20)).
6
Evaluate (3 - 5) + (-2 - -5 - -5) + -19.
-13
What is the value of 6 - (-46 + 20 - -14)?
18
Evaluate (4 - 2) + 11 + -14.
-1
What is the value of 4 - (55 - 55 - (0 + -2))?
2
What is the value of -24 + 1 + 1834 + -1816?
-5
0 + 17 - ((1 - -12) + (167 - 178))
15
-7 + 1 + (1 - 16)
-21
9 - ((0 - (4 + (1 - 4))) + 8)
2
-5 - -5 - (-16 - -23)
-7
Calculate 33 - (35 + (-20 - -6)).
12
What is 46 + -4 + -45 - (-1 - -2)?
-4
Evaluate -40 + (-15 - -48 - -1).
-6
5 + -9 + 6 - (2 + 6)
-6
What is -5 + -4 - ((5 - 18) + -19 + 10)?
13
Evaluate -3 + 3 - 2 - (-36 - (-40 - -4)).
-2
Calculate -5 + (-24 - (-21 + -18)) + (2 - 0).
12
Calculate -14 + 7 + 16 + -22.
-13
What is 4 + -5 - (24 - (7 - 13 - -15))?
-16
Evaluate (19 - 22) + -14 + 0 + 10.
-7
What is the value of (0 - (-3 + 5 + -2)) + (-59 - -54)?
-5
Calculate -1 - ((11 - 2) + 2 + -15 + 9).
-6
What is 18 + (-7 - -16) - 33?
-6
What is -8 + 16 - (-24 + 13)?
19
What is the value of 0 - 22 - (11 - (-25 - -39))?
-19
What is the value of 19 + (-4 - -1 - -1) + -3 + -4?
10
-32 + -2 + 28 + -20
-26
Calculate 10 - (2 - -7) - (2 + -8) - 6.
1
Calculate -3 + -2 + 7 - (-3 - -5 - 11).
11
8 + -1 - (13 - 4 - 1)
-1
297 + -313 + 12 + 0
-4
Evaluate (-23 - (-3 + -2)) + (-5 + 18 - 6).
-11
Calculate -6 - ((16 + -11 - (-4 - -2)) + -12).
-1
What is the value of -4 - -1 - (7 + -5 + (4 - 4))?
-5
Calculate 0 + 0 - (-7 + 56 + -35).
-14
(1 - (8 + -4 + -9)) + (0 - -1)
7
Evaluate 3 + 5 + -4 + -18 + -6 - 1.
-21
What is the value of -1 - -8 - -9 - (4 - (6 + -7))?
11
Evaluate 5 + (0 - (0 - 0)) - (166 + -173).
12
Calculate (8 - (27 - 13)) + -2.
-8
Calculate -20 - (-8 + (8 + 3 + -6 - -1)).
-18
Evaluate 8 + -2 + (-12 - (5 + -20)).
9
Evaluate -17 - (-18 + -19 + 4).
16
Evaluate 29 + (-33 - 32) + 5.
-31
Evaluate 30 + -41 + 26 + 9.
24
What is -6 - (-102 - -101 - (1 - -3))?
-1
Evaluate 5 + (2 - 1) + (21 - 47 - -29).
9
Calculate 1 + -5 - ((4 - -43 - 16) + -15).
-20
What is the value of 7 - (7 - (-3 - (0 + -6)))?
3
Evaluate -9 - (-5 - ((-1 - 1) + 11)).
5
-8 - ((2 - 1) + (24 - 24))
-9
What is (-3 - 1) + (-29 - (1 - 62))?
28
-12 + 18 - 9 - -14
11
What is -311 + 341 - (34 - -1)?
-5
What is -1 + 5 - 17 - (-13 - -4)?
-4
What is (0 - -2 - (-13 - 0)) + (-152 - -149)?
12
Evaluate 8 - (22 - 9 - -13).
-18
What is (-288 - -288) + 1 + -12 + 3?
-8
Evaluate -8 + 37 - 12 - (1 + -2).
18
-11 - (-11 - -12) - -20
8
What is 20 + -6 - (43 - (2 + -3))?
-30
What is the value of 11 - (64 + -54 + (-3 - -2))?
2
What is 2 - 2 - (-1 + -8 - (-249 - -240))?
0
What is 0 + (-6 - -11) + 2 + (-12 - -16)?
11
(4 + 10 - 10) + 3 + 8
15
-3 + 33 + -5 + -13
12
What is -9 + (9 - -4 - (-17 + 3))?
18
What is the value of -24 + 16 - (-3 + -10 + -4 + 6)?
3
What is -15 + (-8 - (-14 + -6))?
-3
Calculate 32 - 30 - (1 - -7).
-6
-17 - (11 + -13 - 8)
-7
Evaluate 2 - 10 - (5 + 15 + -23).
-5
Evaluate 4 + 3 + (1 - 1).
7
Evaluate -2 - (15 - (-13 + 34)).
4
What is the value of 1 - 5 - (-1 + 0 + (5 - 0))?
-8
-16 - -8 - (-167 - -132)
27
3 - ((4 - 12 - -2) + 14 + -11)
6
11 + (1 - (-1 - (-7 - -5))) - 7
4
What is the value of -6 - -6 - (17 + 6 + -20)?
-3
Calculate 0 - (1 + (3 - 12) + -3).
11
Calculate (-1 + (-4 - (5 + -5)) - 17) + 3.
-19
6 + -8 + -2 + -9
-13
-12 + -17 + 27 + -8 + -26
-36
-4 + (-54 + 54 - (7 + -2 - 2))
-7
Evaluate (0 - (-5 + -1)) + (63 - 70).
-1
Evaluate ((-11 - -14) + -6 - 8) + 1 + 1.
-9
What is the value of -15 + (30 - (-4 - -19))?
0
What is the value of (-2 + -2 - (-74 + 77)) + 1 + 11?
5
-2 - (0 - (-3 - 16) - 4)
-17
What is the value of -12 + -14 + 17 + 14?
5
Calculate 7 - ((-2 + 2 - 9) + 5).
11
-73 + 87 + (1 - 16)
-1
What is 2 + (5 + -19 - -7 - 4)?
-9
Evaluate -23 + 27 + -22 + 36.
18
What is -4 - (-13 + -2 + 12 + -9)?
8
(-30 - -7 - -9) + (0 - -1)
-13
Evaluate -10 + (2 - -7) - (-28 + 31).
-4
-4 + -3 + 1 + 6 + (-23 - 3)
-26
Calculate 4 + -8 + 1 - (37 + -43).
3
What is the value of (2 - -1) + 43 + -43 - -3?
6
Evaluate -7 + (-9 - -21) - 17.
-12
What is -16 + -16 + 15 + 19?
2
Calculate -11 - (-15 - 4 - -7).
1
0 - (-26 - -14 - (-4 + 1))
9
Calculate 91 - 89 - (-9 + (2 + -8 - 0)).
17
Calculate (-92 - -74) + (-5 - 5) + -3.
-31
Evaluate -20 + -1 + (1 - -2) - (-231 - -227).
-14
22 - (-18 + 38 - 12)
14
Evaluate (-10 - -29) + -49 + 9.
-21
Evaluate 32 - (13 - 1 - -12).
8
Calculate 26 - -2 - (-222 - -259).
-9
Calculate (-16 + 22 - (-7 - -11)) + -14 + 0.
-12
Evaluate -10 - (-99 - -84 - (1 - 3)).
3
Evaluate -19 + 21 + -1 + 2 - (-1 - 5).
9
Calculate 8 - (40 + (0 - 0) + (-31 - -26)).
-27
Calculate -10 - (-6 - (13 - (-1 + 0 + 3))).
7
What is the value of 4 - (3 + -9) - (32 + -21)?
-1
Evaluate 0 + -1 + 1 - (-166 + 166).
0
Evaluate 6 + -14 + -3 + 18.
7
What is the value of (-12 - (-37 - -12)) + 4 + -11 + 4?
10
What is 2 - ((4 - 1) + 44 + -32)?
-13
What is the value of -4 + (1 - 11) + (-55 - -26 - -35)?
-8
96 + -74 + -3 + -1 + -35
-17
(-19 - 13 - 11) + 56
13
Evaluate (-10 + 4 - -13) + -4 + (-2 - 2).
-1
What is the value of (0 - (-1 - -6)) + -5 + -2 + 2?
-10
Evaluate 2 - (25 - 8 - (1 - -9)).
-5
Calculate (8 - (-14 - -9)) + (-1 + -3 - 2).
7
Calculate (1 - 2) + -14 - ((30 - -4) + -37).
-12
Calculate (10 + -7 + -6 - -4) + -12.
-11
What is -19 - (21 - 69) - 26?
3
Calculate 20 - (5 + (-11 - -39)).
-13
Calculate -6 + (0 - 4 - -7 - -1) + 4.
2
What is (-1 - 4) + (-8 - (-10 - (7 + -12)))?
-8
Calculate (-17 - 1) + 2 + 0 - (55 + -56).
-15
Calculate -6 - (-40 + -14 + 39).
9
Calculate 0 + 0 + (-34 - -18) + 18.
2
What is 5 + (-11 + 5 - (1 + 2))?
-4
8 + (10 - 33) + 21
6
Evaluate 26 + -24 + -1 + -10.
-9
Calculate -2 - (-11 + -4 + 1 - -8).
4
4 + -4 + 5 + -1 + 9 + -11
2
What is the value of (0 - 1 - 4) + (11 - 22) + 13?
-3
What is the value of (-4 - (-6 - (-3 + 20) - -1)) + -2?
16
(7 - 4) + -1 - 8
-6
What is 5 + 5 + -1 - (-1 + 7)?
3
Calculate 1 + (11 - (-4 - -12)) + 5 + -6.
3
(10 - 11) + -1 + -5 + -1
-8
Calculate -7 - -22 - 1 - 2.
12
Evaluate 0 + -13 + (41 - 37) - (6 + -2).
-13
-5 - (0 - (-3 + -1 + 15)) - 6
0
What is the value of -11 - -2 - (15 - (-17 + 23 + -6))?
-24
Calculate -5 - -9 - (13 - -1) - (-249 + 219).
20
What is 2 - 9 - -7 - (12 + -5)?
-7
Evaluate -38 - (-10 - (-8 - -13)).
-23
-6 + -37 + 47 + 19 + 1
24
What is the value of -32 - -12 - -16 - 10?
-14
What is -23 + 0 + (27 - -1) + (74 - 101)?
-22
What is -3 - 4 - (-18 + (2 + 0 - -1))?
8
Calculate (-27 - (-39 - -36)) + -8.
-32
What is the value of -14 + (27 - 17 - -15 - 14)?
-3
-1 + 9 + 222 + -220
10
8 + (-3 - 0) + 26 + -18
13
What is -42 + 39 + (15 - 33)?
-21
What is the value of 0 - (6 + (-1 - -7 - (-9 - -14)))?
-7
Evaluate 4 - ((-2 + 17 - 2) + 13).
-22
2 - 2 - -2 - ((-13 - -24) + 